e t(-21).
-76
Let j(m) = -3*m**2 - 25*m + 372. Calculate j(-16).
4
Let x(q) = -6*q + 384. Determine x(30).
204
Let c(w) = -w**3 - 37*w**2 + 212*w + 89. Give c(-42).
5
Let g(s) = 1425*s + 34207. Give g(-24).
7
Let c(u) = 151*u - 2841. Calculate c(18).
-123
Let d(g) = 3*g. What is d(2)?
6
Let x(z) = -4*z**2 - 41*z + 127. What is x(-12)?
43
Let u(z) = 1794*z + 233219. What is u(-130)?
-1
Let h(a) = -2*a**2 + 272*a - 2935. Give h(124).
41
Let s(a) = -a**2 + 201*a - 3320. Calculate s(183).
-26
Let p(z) = 20*z + 410. Give p(14).
690
Let b(q) = -2840*q + 2906. Calculate b(1).
66
Let c(t) = 196*t - 2961. What is c(15)?
-21
Let o(s) = 1045*s - 6229. Give o(6).
41
Let w(o) = -9*o**2 - 39*o - 14. Give w(-4).
-2
Let i(j) = 2*j**3 - 7*j**2 + 67*j - 251. Determine i(4).
33
Let o(r) = 210*r + 10153. Give o(-48).
73
Let j(p) = 335*p - 72705. Determine j(217).
-10
Let t(h) = 4*h**3 - 51*h**2 - 7*h - 5. Calculate t(13).
73
Let q(v) = 11364*v + 22724. What is q(-2)?
-4
Let x(o) = -11*o**2 - 789*o + 238. What is x(-72)?
22
Let q(a) = -3*a**2 + 193*a + 123. Give q(64).
187
Let y(f) = 8*f - 151. Calculate y(18).
-7
Let d(m) = m**3 - 86*m**2 + 762*m - 126. Give d(76).
26
Let z(v) = 181*v - 1030. What is z(6)?
56
Let q(m) = m**3 + 19*m**2 - 94*m - 43. Give q(-23).
3
Let r(j) = -2*j**3 - 18*j**2 + 49*j - 1. What is r(6)?
-787
Let d(v) = -2*v**2 - 302*v + 930. Calculate d(3).
6
Let b(k) = 2*k**3 - 146*k**2 - 7*k + 491. Determine b(73).
-20
Let v(z) = -8*z**2 - 824*z - 12. Calculate v(-103).
-12
Let t(v) = -2*v**3 + 2*v**2 + v - 4. Determine t(-2).
18
Let c(a) = 348*a - 7301. Give c(21).
7
Let s(b) = 71*b + 13911. Give s(-196).
-5
Let m(q) = q**3 + 13*q**2 + 57*q + 4. Give m(-6).
-86
Let w(z) = -z**2 - 1797*z - 6. Give w(0).
-6
Let w(y) = 202*y + 2024. Determine w(-10).
4
Let x(p) = -p**3 + 5*p**2 - 19*p + 124. What is x(6)?
-26
Let z(d) = -74*d + 1703. Determine z(23).
1
Let r(m) = -418*m - 13791. What is r(-33)?
3
Let b(p) = 3*p**2 + 472*p + 5635. Calculate b(-13).
6
Let p(q) = -3*q**2 + 151*q - 298. Calculate p(47).
172
Let h(g) = 4*g**3 + 14*g**2 + 39*g + 124. Determine h(-4).
-64
Let q(k) = -164*k**2 + 983*k + 26. Calculate q(6).
20
Let y(u) = u**3 + 17*u**2 + 61*u + 454. Give y(-15).
-11
Let j(o) = -o**3 + 45*o**2 - 82*o - 176. Calculate j(43).
-4
Let o(l) = -5312*l - 185907. What is o(-35)?
13
Let t(n) = 2*n**2 - 39*n - 33. Give t(17).
-118
Let r(u) = -u**3 - 30*u**2 - 31*u + 82. Determine r(-29).
140
Let j(t) = 41*t - 989. Calculate j(24).
-5
Let y(l) = -l**3 + 8*l**2 - 24*l + 130. Calculate y(10).
-310
Let t(r) = -2*r**3 - 477*r**2 + 240*r + 230. What is t(-239)?
-9
Let q(s) = -35*s**2 + 4*s - 9. Determine q(0).
-9
Let j(q) = -q**3 + 26*q**2 - 165*q - 37. Calculate j(12).
-1
Let y(v) = 406*v + 1145. Give y(-3).
-73
Let i(s) = s - 42. Determine i(-9).
-51
Let i(r) = -r**2 + 77*r - 1487. What is i(37)?
-7
Let d(k) = -12*k**2 - 232*k + 469. Give d(2).
-43
Let k(o) = 23*o - 742. Give k(40).
178
Let g(t) = -t**3 - 11*t**2 - 22*t + 43. Give g(-10).
163
Let i(q) = 13*q + 63. What is i(-8)?
-41
Let q(h) = 66*h + 63. What is q(-2)?
-69
Let s(u) = -u**3 - 27*u**2 - 183*u - 21. What is s(-14)?
-7
Let a(n) = 3*n**2 + 143*n - 19. Calculate a(-48).
29
Let z(d) = -1487*d - 14864. Determine z(-10).
6
Let l(p) = -15*p - 104. Give l(-18).
166
Let b(f) = -25*f + 242. Determine b(16).
-158
Let r(c) = c**3 + 8*c**2 - 32*c - 25. Calculate r(0).
-25
Let x(t) = t**2 - 125*t - 860. Calculate x(-7).
64
Let r(f) = 83*f + 393. Determine r(-3).
144
Let b(g) = -4*g**3 + 8*g**2 + 46*g - 127. Calculate b(3).
-25
Let x(n) = -2*n**3 - 51*n**2 - 188*n + 21. Give x(-21).
0
Let t(x) = -14*x - 74. Determine t(-4).
-18
Let o(w) = w**3 + 135*w**2 - 1143*w + 136. What is o(-143)?
-7
Let p(c) = 7*c + 400. What is p(-56)?
8
Let s(g) = 3*g**3 + 84*g**2 - 3*g - 38. Determine s(-28).
46
Let u(k) = -55*k + 419. Give u(8).
-21
Let r(g) = 50*g**2 - 3*g + 4. Calculate r(1).
51
Let z(v) = 2*v**2 - 127*v + 1697. What is z(19)?
6
Let l(i) = i**3 - 21*i**2 + 117*i + 26. Give l(12).
134
Let h(d) = -48*d + 236. Calculate h(10).
-244
Let x(f) = -f**2 - 190*f - 6114. Determine x(-41).
-5
Let i(g) = -7*g**3 + 169*g**2 - 26*g + 99. Calculate i(24).
51
Let z(t) = 29*t - 28. Determine z(-3).
-115
Let v(p) = p**2 - 12*p + 6. Calculate v(8).
-26
Let c(i) = -i**3 + 18*i**2 + 2*i - 14. Give c(8).
642
Let p(c) = -1651*c - 11536. Calculate p(-7).
21
Let w(s) = -2*s**2 + 12*s + 12. What is w(-4)?
-68
Let g(h) = -h**2 + 62*h + 176. Calculate g(63).
113
Let a(o) = 6*o**2 - 227*o + 1765. What is a(27)?
10
Let x(i) = i**3 - 23*i**2 - 20*i - 64. What is x(24)?
32
Let f(j) = -j**3 - 6*j**2 + 1017*j - 5. Calculate f(29).
53
Let i(q) = 3*q**2 + 135*q + 157. Calculate i(-44).
25
Let l(q) = -q**2 + 415*q - 2859. What is l(7)?
-3
Let m(w) = w**2 - 2*w - 25. Calculate m(-7).
38
Let j(f) = -f**3 - 22*f**2 - 30*f - 181. Calculate j(-21).
8
Let m(d) = 3*d**3 - 6*d**2 + 5*d + 3. What is m(3)?
45
Let d(y) = -y**2 - 20*y + 664. What is d(-38)?
-20
Let w(y) = -198*y - 13070. Determine w(-66).
-2
Let d(u) = -8*u - 214. Determine d(-24).
-22
Let m(r) = -r - 30. Determine m(-26).
-4
Let x(u) = -u**3 + 5*u**2 + 696*u + 2. Calculate x(29).
2
Let l(h) = 127*h + 294. Give l(-2).
40
Let x(l) = 5676*l + 85139. Give x(-15).
-1
Let m(l) = -742*l - 744. What is m(-1)?
-2
Let i(x) = 3*x**3 - 40*x**2 + 10*x + 1. Give i(13).
-38
Let b(a) = -a**3 - 60*a**2 + 83*a + 1341. Give b(-61).
-1
Let j(y) = -y**3 - 12*y**2 - 29*y + 8. Calculate j(-4).
-4
Let l(a) = a**3 - 39*a**2 + 303*a + 36. What is l(11)?
-19
Let q(j) = 443*j**3 - 3*j + 4. Determine q(1).
444
Let i(a) = -169*a + 628. Calculate i(4).
-48
Let q(i) = 29*i + 140. Calculate q(-11).
-179
Let h(m) = -247*m - 756. What is h(-3)?
-15
Let v(t) = t**2 + 59*t - 166. Determine v(3).
20
Let c(x) = -x**3 - 8*x**2 - 5*x + 10. What is c(-9)?
136
Let k(f) = f**3 - 29*f**2 - 3696*f - 6. Calculate k(-48).
-6
Let j(y) = 2*y**2 + 51*y - 1761. Determine j(-45).
-6
Let f(g) = -27*g - 853. What is f(-31)?
-16
Let y(w) = -w**2 + 1736*w + 13952. Calculate y(-8).
0
Let t(g) = g**3 + 17*g**2 + 38*g - 291. Give t(-11).
17
Let f(w) = 2*w**2 - 23*w - 144. Give f(-4).
-20
Let d(r) = -31*r + 160. Determine d(7).
-57
Let s(c) = -c**2 + 129*c - 1322. Give s(12).
82
Let p(d) = -17*d**2 + 7*d + 38. Calculate p(5).
-352
Let x(s) = 73*s - 1093. Give x(15).
2
Let b(r) = -r**2 + 66*r + 1414. Calculate b(87).
-413
Let t(z) = 2*z - 258. Determine t(-12).
-282
Let t(l) = -3*l**2 + 26*l + 306. What is t(15)?
21
Let t(l) = 328*l - 6882. Determine t(21).
6
Let x(t) = -t**3 - 26*t**2 - 2*t - 32. Determine x(-26).
20
Let q(s) = 3*s**2 - 8*s - 9. Calculate q(8).
119
Let p(t) = -4*t**2 + 363*t - 6002. Give p(69).
1
Let j(o) = o**3 - 116*o**2 - 153*o + 4218. Determine j(117).
6
Let f(l) = 6*l**3 - l**2 - 14*l - 25. What is f(-2)?
-49
Let j(o) = 114*o**2 - 6727*o + 69. What is j(59)?
10
Let c(w) = -4*w**3 + 209*w**2 - 59*w + 361. Give c(52).
-3
Let q(x) = -x**3 + 30*x**2 - 127*x - 1. Calculate q(25).
-51
Let b(d) = d**3 + d**2 - 88*d + 200. What is b(7)?
-24
Let k(t) = -163*t - 101. Determine k(-1).
62
Let w(g) = g**2 - 16*g - 20. Calculate w(5).
-75
Let b(y) = -4580*y - 22908. What is b(-5)?
-8
Let t(p) = 482*p + 3863. Determine t(-8).
7
Let w(g) = -49*g - 109. Calculate w(-4).
87
Let m(f) = 2*f**3 - 13*f**2 - 30*f + 55. Calculate m(8).
7
Let x(b) = -200*b - 135. Calculate x(1).
-335
Let n(j) = -j**3 + 208*j**2 - 199*j - 1665. Determine n(207).
-9
Let j(f) = -f**2 + 262*f + 3741. Calculate j(-13).
166
Let x(z) = -64*z**2 - 120*z + 12. Give x(-2).
-4
Let w(s) = 72*s - 510. Determine w(7).
-6
Let w(j) = -j**3 - 29*j**2 - 131*j + 57. Calculate w(-23).
-104
Let b(w) = w**2 - 69*w + 1205. What is b(36)?
17
Let k(f) = -2*f**2 - 77*f - 187. What is k(-36)?
-7
Let g(i) = -2*i**3 - 95*i**2 - 139*i - 54. Calculate g(-46).
-8
Let q(m) = 1565*m + 12323. Determine q(-8).
-197
Let h(n) = -45*n**2 + 49*n + 157. Give h(-3).
-395
Let d(k) = -306*k + 195. Determine d(2).
-417
Let o(c) = c**2 + 202*c + 5013. Calculate o(-29).
-4
Let s(u) = -933*u + 34514. Determine s(37).
-7
Let x(l) = l**2 - 22*l + 153. Determine x(14).
41
Let m(p) = 65*p**3 - p**2 + 3*p. What is m(1)?
67
Let v(u) = -338*u + 1361. Give v(4).
9
Let f(k) = 3*k**3 - 20*k**2 + 20*k - 11. Give f(5).
-36
Le